rivative of -z**4/24 - z**3/6 + z**2. Give b(i).
-1
Let f be -3*(20/(-6) - -1). Let o(x) = 2*x**3 - x**3 + f + 2. Suppose 0 = -2*d - 0*d + 2*c + 4, -5*c = -d + 10. Calculate o(d).
9
Let z(i) = 2*i**2 - 4*i + 4. Let y(u) = u**2 - 1. Let x(a) = 3*y(a) - z(a). Give x(-5).
-2
Let y(h) = -3*h + 6. Let b be 1/(-2)*(-1 + 3). Let w = 4 - b. Let o(d) = -7*d + 13. Let a(t) = w*y(t) - 2*o(t). What is a(-4)?
8
Let l(n) = -5*n**2 + 2*n + 1. Suppose 0 = 5*q - q - 20. Suppose -2*w = -2, 2*x + x - 2*w = -q. Let p(b) = -2*b**2 + 1. Let r be p(x). What is l(r)?
-6
Let f(m) = -m + 4. Suppose 0 = -4*n, q + 3*n + 27 = -n. Let z be q/(-6) - (-9)/6. Determine f(z).
-2
Let l(p) = 1 + 5*p - 5*p + p. Calculate l(2).
3
Let c(a) = -a**3 + 8*a**2 - 8*a - 2. Suppose r = 5*j + 5*r - 15, 4*j - 13 = -3*r. Calculate c(j).
-9
Let h(z) be the second derivative of -z**5/20 + z**4/3 - 2*z**3/3 + 3*z**2/2 + 2*z. Determine h(3).
0
Let a(w) = 3*w + 7. Suppose n - 8 = 3*b + 2, 5*b + 25 = 0. What is a(n)?
-8
Let w(g) = g**3 - g**2. Let q(l) = l**2 + 5*l - 4. Let b be q(-6). Let m be w(b). Let d = m - -1. Let j(f) = f**2 - 6*f + 1. Calculate j(d).
-4
Let z(u) = u**3 - u**2 - u - 2. Suppose -1 = v - 1. Determine z(v).
-2
Let k(n) = -n. Suppose 3*x - 6 - 6 = 0. Give k(x).
-4
Let d(r) be the first derivative of r**6/120 - r**3 - 3*r**2 - 3. Let s(h) be the second derivative of d(h). Determine s(0).
-6
Let g(z) = -z**2 + 2*z + 3. Let k be g(-2). Let b(n) be the second derivative of -n**4/12 - 5*n**3/6 - 2*n**2 - 14*n. Determine b(k).
-4
Let p = 3 - 7. Let a(c) be the second derivative of c**5/20 + c**4/4 - c**3/2 - c**2 + 8*c. Let j be a(p). Let d(o) = o**3 + 5*o**2 - 6*o - 5. Give d(j).
-5
Let g(b) = -b**2 - 7*b - 5. Let k be g(-7). Let h(t) be the first derivative of -t**4/4 - 5*t**3/3 - 4*t + 3. Calculate h(k).
-4
Suppose 3*a = 8*a - 25. Let m(z) = z - 7. Determine m(a).
-2
Let l(t) = 3*t + 1. Let q(y) = -8*y - 3. Let p(i) = 11*l(i) + 4*q(i). What is p(1)?
0
Let z(t) = -t**2. Let w(y) = 3*y**2. Let d(r) = -3*w(r) - 6*z(r). What is d(-1)?
-3
Let o(q) = q**2 + 22. Let a be 0/(5/(-2 - 3)). What is o(a)?
22
Let u(n) be the first derivative of n**2 + 4*n - 6. Suppose 4*f = -w + 1, -3*f + f = -w - 5. Determine u(w).
-2
Let h(j) = 2*j + 4. Let l(y) = -y**2 + 9*y + 21. Let q = -8 + -3. Let i(k) = q*h(k) + 2*l(k). Let d be 5/(-3) - 1/3. Give i(d).
-2
Let d = 18 - 17. Let a(c) = -c - 3 + 2*c**2 + 3*c**2 + c**2 - c**3 - d. Determine a(6).
-10
Let a be (-112)/10 - (-2)/10. Let g = -15 - a. Let s(q) be the second derivative of q**3/6 - q**2/2 + q. Determine s(g).
-5
Let o = -3 + 3. Let z(b) = -3 + 4*b**2 + o*b**2 + 10*b - b**3 - 9*b. Determine z(4).
1
Let o(s) = -s**2 - s + 5. Let q be 56/(-6) - 1/(-3). Let z be 0*(1 - q/(-6)). Calculate o(z).
5
Let q(o) be the second derivative of -o**5/10 - o**4/6 - o**3/3 - o**2/2 - 7*o. Determine q(-1).
1
Let f(r) be the first derivative of 2*r**3/3 + r**2 - 3*r - 10. Calculate f(-3).
9
Let r(n) = -6*n**3 - n**2. Suppose l + l - 10 = 4*f, 3*l = -4*f - 25. Let v = 2 + l. Calculate r(v).
5
Suppose 4*v = -3*n, -3*n + 27 = -6*v + v. Let p = -10 - -12. Let o(c) = 3*c**2 + 11*c + p - 2*c**3 + c**3 - 10*c. Determine o(n).
-10
Suppose 3*r = -r. Suppose r = 5*j - 8 + 3. Let s = -2 + j. Let h(q) = 2*q + 1. Calculate h(s).
-1
Suppose 0 = 2*q + 2*q - 4. Let g(m) = m**2 + 6 - 7*m + 1 + 2*m**2 - q. Let f(y) = 7*y**2 - 15*y + 13. Let t(l) = -2*f(l) + 5*g(l). Calculate t(3).
-2
Let j(z) = -z + 5*z + 7 - 3*z. Give j(-5).
2
Let g(o) = -6*o - 3. Let j be g(-2). Let i = j - 2. Suppose 4*n + 4*t + 20 = 0, i = -0*n - 3*n + t. Let y(l) = -l**2 - l + 1. Give y(n).
-5
Suppose 4*k - 2*a - 16 = -6*a, 0 = -5*a + 5. Let s be (-2)/(-4) + (-3)/(-2). Let n(b) = b - b**3 + b + 4*b**2 - 3 - 2*b**s. Calculate n(k).
-6
Let f(q) = -11*q**2 - 2*q + 1. Let z(c) = -23*c**2 - 1 + 2 + 0 - 5*c + 1. Let w(p) = -5*f(p) + 2*z(p). Calculate w(1).
8
Suppose 2*y = -n - 3 - 6, -5*y - 5*n - 20 = 0. Let q(r) be the second derivative of -2*r**2 + 0 + 1/6*r**3 + 1/20*r**5 + 5/12*r**4 + 2*r. Calculate q(y).
-9
Let g(f) = -f - 3. Let t be g(-6). Let x(c) = -c**2 + 3*c. What is x(t)?
0
Let o(f) = 7*f - 14*f + 0 - 2 + 6*f. Calculate o(-3).
1
Let i(r) = -r**2 - 4*r + 4. Suppose -8 = -2*o + 4*m, -2*m + 4*m + 16 = -2*o. Give i(o).
4
Let i(m) = -m**3 + 2*m**2 + m + 1. Let x be i(2). Let r(g) = -g**2 + 3*g + 4. Let b be r(4). Let j(k) = 4*k + b*k - x*k + 6. What is j(-3)?
3
Let g be 0/(0 + 3) - -4. Let r(i) = i**2 - 3*i - 3. Let f be r(g). Let d(q) be the third derivative of -q**6/20 - q**4/12 + q**3/6 - q**2. Determine d(f).
-7
Let r(i) = i**3 - 2*i**2 - 2*i - 4. Suppose c = -c + 4. Let k be -1*c/(-3)*3. Suppose 5*j + 14 = -k*n, 0 = 5*j + 10 + 10. Determine r(n).
-1
Let v(g) = -g**3 + 6*g**2 - 2*g + 3. Let n be 8/4 + -6 + 9/1. Give v(n).
18
Let g(t) = -t**3 + 4*t**2 + 6*t - 3. Let a = 7 - 2. Let z be g(a). Let m(j) be the third derivative of j**5/30 - j**4/24 + 2*j**2. Give m(z).
6
Let s(x) = x + 1. Let n be 1*(-4 + 3) - -7. Let w(o) = o + 1. Let f(y) = n*w(y) - 7*s(y). Determine f(3).
-4
Let i(y) = -2*y + 8. Let b(k) = -k + 3. Let j(o) = -7*b(o) + 2*i(o). Let n be (-100)/(-24) - 3/18. Determine j(n).
7
Let f(q) be the second derivative of -q**2 - q + 1/12*q**4 + 0 - 1/20*q**5 + 0*q**3. Give f(-2).
10
Let c(x) be the first derivative of -x**4/4 - 2*x**3 - x**2 - 5*x - 1. Let b be 0/2 + -8 - 1. Let o be 112/(-18) - 2/b. Calculate c(o).
7
Let s(g) = g + 12. Let j be s(-9). Suppose m = -0*c - j*c - 14, 0 = m - 4. Let n = -4 - c. Let b(t) = t + 1. What is b(n)?
3
Let b(f) = 2 + 0*f - f + f**2 + 2*f - 6*f. Let v be (4/3)/((-2)/(-3)). Suppose p = s, v*p - s = -3*p + 16. Determine b(p).
-2
Let i = -58 + 58. Let y(j) = -j**2 + j + 9. Suppose -2*v - 6 + 16 = 0. Let o(h) = -h**2 + h + 10. Let f(u) = v*o(u) - 6*y(u). Give f(i).
-4
Let k(p) = -p**3 + p**2 + 0*p**3 - 5*p + 5 + 0*p**3 - 7*p**2. Let r be 0 - (-1)/2*-2. Let s be 5*r/(1 - 0). Calculate k(s).
5
Let i(d) = -4*d + 1. Let k(m) = -5*m. Let r(o) = 3*i(o) - 2*k(o). Suppose -h - h + 4 = 0. Suppose -5*w - 4*x - 6 = 0, 0 = -2*w + 3*x + 14 + h. Give r(w).
-1
Suppose -3*u + 3*d + 6 = 0, -4*u - d - 11 = 6. Let t(b) = b**2 + 5*b - 2. Give t(u).
-8
Suppose 0 = -2*m - 0*m + 8. Let l(c) be the third derivative of 0 - 1/60*c**6 + 0*c - 1/30*c**5 + 1/24*c**m + 0*c**3 - 2*c**2. Determine l(-2).
6
Let f(h) be the first derivative of -3*h**4/4 + 3*h**3 - 6*h**2 - 11*h - 1. Let b(m) = -m**3 + m**2 - m - 1. Let r(a) = 4*b(a) - f(a). Calculate r(-6).
-5
Let a(z) = z. Let i(g) = 4*g**2 - 3*g + 1. Let l(k) = -2*a(k) - i(k). What is l(1)?
-4
Let l(v) be the second derivative of v**8/2240 - v**7/840 - v**6/720 + v**5/60 + v**4/4 - 2*v. Let a(x) be the third derivative of l(x). Give a(2).
12
Let w(g) = -9*g + 8. Let o(v) = -5*v + 4. Let j(f) = -11*o(f) + 6*w(f). What is j(-6)?
-2
Let g(x) be the first derivative of 0*x - 4 + 1/2*x**2 - 2/3*x**3. Give g(2).
-6
Let c(o) be the first derivative of o**2/2 + o + 1. Let k(b) = -2*b - 2. Let u(n) = -7*c(n) - 3*k(n). Let p be (-1)/(-2)*(-6 + 2). Determine u(p).
1
Let y(c) = c**3 - 5*c**2 + 3*c - 3. Let h(r) = -r**3 + 3*r**2 + 6*r - 6. Let t be h(4). Determine y(t).
-9
Let s(l) = -2*l**2 - 2*l + 4. Suppose 0*b = 5*b - 25. Let j be ((-12)/10)/(2/b). Calculate s(j).
-8
Let l(g) = -1 - g + 2*g + 0. Let v(a) = -a**2 - a + 4. Let q be v(0). Suppose q*j = h - 18, -h - j + 2 = 4. What is l(h)?
1
Let w be 2/(-6) + (-40)/24. Let b(a) = a**2 + a. Give b(w).
2
Let k(c) = 5*c + 12. Let j(o) = 2*o + 4. Let x(r) = 8*j(r) - 3*k(r). Let s be (3 - 16)*(-1 + -1). Suppose 2*q = -3*g - 0 - 6, -2*q + s = -5*g. Give x(q).
-1
Let k = 2 + -2. Let w(h) = -h**3 - h - 11. Determine w(k).
-11
Let g(j) = -3*j - 3. Let h(v) be the second derivative of v**4/4 - 2*v**3/3 - v**2/2 + 2*v. Let x be h(3). Let o be (-60)/35 + (-4)/x. Calculate g(o).
3
Let m be (-1 + 0)/((-2)/10). Let u(y) = -y**2 + 5*y - 5. Calculate u(m).
-5
Let c(m) be the first derivative of m**4/12 - m**3/2 - m**2 + 2*m - 1. Let l(s) be the first derivative of c(s). Suppose 5*v + 10 = 35. What is l(v)?
8
Suppose 4*v = -i + 3*i + 6, -4*v = -8. Let b(u) = -2*u + 1. What is b(i)?
-1
Let r(f) = -3*f + 11*f**2 - 2 - f + 5*f. Let c(o) = -21*o**2 - o + 3. Let j(k) = 3*c(k) + 5*r(k). Let n be (6/(-36))/((-1)/6). Calculate j(n).
-7